-12) + -4). List the prime factors of (-446)/t - 12/(-90).
3, 5
Let z = -10 - -6. Let t be z*(14/4)/(-7). Suppose t*f - 1 = 1, 4*p - 154 = -2*f. What are the prime factors of p?
2, 19
List the prime factors of 2720/(-15)*(2 + 105/(-12)).
2, 3, 17
Let x be ((-7)/7)/(1/14). Let v = -11 - x. Suppose v*j - 99 = -3*q, 3*j - 33 = -q + 68. What are the prime factors of j?
2, 17
Suppose 0 = y - 3*d - 78 - 636, 0 = -2*y + 5*d + 1426. List the prime factors of y.
2, 3, 59
Suppose 18*m - 13*m = -50. Let g = m + 65. List the prime factors of g.
5, 11
Let b = 55 - -111. What are the prime factors of b?
2, 83
Suppose -1914 + 90 = -3*h. List the prime factors of h.
2, 19
Suppose 4*b - 984 = 4*c, 0*c + 1224 = 5*b + c. What are the prime factors of b?
5, 7
Let q(d) = d**2 - 5*d - 2. Let m be q(6). Suppose -5*b - m*p = -55, -p = -3*b + 5*b - 25. What are the prime factors of b?
3, 5
Suppose 6*u - u = -3*r + 5, -4*u = -2*r + 18. Suppose -5*c + 18 = 3*i, -r*c + 1 = -5*i - 3*c. Suppose q = 2 + i. What are the prime factors of q?
3
Suppose 3*f - 24 = -b + 8*f, 4*b + 5*f = 46. Let y = b - 20. List the prime factors of (-1)/y + 1631/42.
3, 13
What are the prime factors of (-3 - 117/21)/(62/(-9331))?
2, 3, 5, 43
Let w(n) = 34*n - 1. Let p be w(1). Let v = 2232 + -850. What are the prime factors of v/22 - (-6)/p?
3, 7
Let l be (7 - 10) + 1/(-1). Let t be 92/(-12) - l/6. Let h = t - -11. What are the prime factors of h?
2
Let l be 6/5*6/((-6)/(-5)). Suppose l*k = -0*k + 420. What are the prime factors of k?
2, 5, 7
Let a(z) = 7*z**2 + 46*z + 2. List the prime factors of a(-9).
5, 31
Suppose 29*y - 31*y = 3*o - 3794, 5055 = 4*o - y. What are the prime factors of o?
2, 79
Let o = -11 + 84. Let p = o - 35. List the prime factors of p.
2, 19
Suppose 0 = 3*m + 2630 - 7127. List the prime factors of m.
1499
Let n = 89 - 113. Let j = 63 - n. What are the prime factors of j?
3, 29
Suppose 5*d - u = -6, -2*d - u + 2 = -5*d. Let s be 1/(-2)*d*22. Suppose a - 14 = s. List the prime factors of a.
2, 3
List the prime factors of ((-3429)/81)/(2*(-3)/36).
2, 127
Suppose 5*r - 11*r = -846. List the prime factors of r.
3, 47
Suppose -n - 5*u = 3 + 7, -8 = n + 4*u. Suppose 0 = -5*y + 2*y - 4*j + 221, n = -2*y - 5*j + 159. What are the prime factors of y?
67
Let c(m) be the second derivative of 3*m**4/2 - m**3/6 - m**2/2 - 22*m. What are the prime factors of c(-2)?
73
Suppose -3*f = -5*i - 2*f - 1766, 5*i + 2*f = -1778. Let d be 1/(-2) + i/12. Let k = d + 53. What are the prime factors of k?
23
Suppose -7*g - 2*g = -7650. What are the prime factors of g?
2, 5, 17
Suppose -5*b + 16*v = 9*v - 14581, -4*b + 11642 = 2*v. What are the prime factors of b?
2, 7, 13
Let x be 2/8*4 - 108. Let f = -64 - x. List the prime factors of f.
43
Suppose -377 = 38*q - 25*q. Let y = q - -31. List the prime factors of y.
2
Let d(k) = k**2 - 7*k + 2. Let u be d(7). Let t be (u - -8)*(-18)/(-15). What are the prime factors of 2/t - 226/(-12)?
19
What are the prime factors of (25*6/15)/((-4)/(-1542))?
3, 5, 257
Let y(t) = -t**3 - 4*t**2 + 11*t - 15. Let w be y(-7). Let c = -14 + w. List the prime factors of c.
41
Suppose -5*k = -3*h + 1105, -37*h + 32*h = -2*k - 1810. What are the prime factors of h?
2, 3, 5
Let c(d) = 3*d**3 - 8*d**2 + 13*d - 24. List the prime factors of c(7).
2, 11
Let f(p) = p**3 - 2*p**2 + 5*p. Suppose -5*o = 4*t - 20 + 4, -3*o - 8 = -2*t. Let r be f(t). What are the prime factors of 2332/r - (-2)/13?
3, 5
Let a be 1/6 - (-568)/48. What are the prime factors of 3 + 4 + (a/(-2))/(-3)?
3
Let l be 1/(-3 - -4)*-5. Let o(c) = c**3 + 4*c**2 - 6*c - 5. Let v be o(l). Suppose v = -3*s + 5 + 61. List the prime factors of s.
2, 11
Let g(p) = -9*p**3 + 2*p**2 - 1. Let z(u) = -u**2 + 6*u - 10. Let s be z(4). List the prime factors of g(s).
79
Suppose -2*b + 4*x + 1565 = 83, 0 = -4*b - 5*x + 2977. What are the prime factors of b?
743
Suppose -62*w + 70*w - 4376 = 0. What are the prime factors of w?
547
Suppose -12776 = 117*u - 366935. List the prime factors of u.
3, 1009
Let b be 45/55 + (-2)/(-11). What are the prime factors of (1/b)/((-2)/(-106))?
53
Let f be 35*(1 - 1 - 2). Let y = -49 + 1. Let g = y - f. List the prime factors of g.
2, 11
Let z be 4/(-10) - 99/15. Let r be 63/18*(-4)/z. Suppose 72 = t + r*t. What are the prime factors of t?
2, 3
Let k(j) = j**2 + j. Suppose -n - 22 = -5*v, 2*v + 3*n - 16 = n. Suppose v*i + 11 = i + d, 4*i - 7 = -5*d. List the prime factors of k(i).
2
Suppose -99 = 5*b + 3*z, b = 5*b + 5*z + 74. Let a(g) = g**2 + g + 2. Let j be a(-6). Let u = j + b. What are the prime factors of u?
11
Suppose 0 = 2*a - 3*d - 5561, -2*a + 3*a = -2*d + 2763. List the prime factors of a.
47, 59
Let r = 511 + -210. List the prime factors of r.
7, 43
Let h(t) = -t**3 + 16*t**2 - 21*t + 60. What are the prime factors of h(13)?
2, 3, 7
Suppose -s - 3*s = -32. Suppose s*f - 231 = f. What are the prime factors of f?
3, 11
Let k = 9 - 11. Let j be 1885/30 + k/(-12). Suppose 21 = -2*n + j. List the prime factors of n.
3, 7
List the prime factors of 2268 + 2 + 21/3.
3, 11, 23
Suppose -3*x = -q - 1256, -407 = -x - q - q. Suppose 20*o + x = 23*o. What are the prime factors of o?
139
Suppose -5*x + 5 + 13 = 3*u, 2*x = 6. Suppose 0 = j - 5 + u. Suppose -10 = -j*f + 2*f. List the prime factors of f.
5
Suppose -31 = -2*v - 1. Suppose 4 = v*o - 13*o. Suppose -2*y = -10, 2*l - y - o*y = 79. What are the prime factors of l?
47
Let l(q) = -4 + 0 + 3*q**2 - 7*q - 11*q**2 + 0 + 3*q**3. What are the prime factors of l(4)?
2
Let g = -2665 + 4244. List the prime factors of g.
1579
Let v(h) = -h**3 - h**2 + 12*h + 80. What are the prime factors of v(-8)?
2, 3
Suppose -4 + 5 = b. List the prime factors of 1 - (0 - b - 11).
13
Let x be (-14505)/60 + (-2)/8. List the prime factors of 64/80 + x/(-10).
5
Let y(r) = 110*r + 15. Let p be y(5). Let a = p + -235. Suppose -3*n + 5*j = 97 - a, 359 = 5*n - j. What are the prime factors of n?
71
Suppose 0*x = -3*x + 15. Let v(f) = -3*f - 62. Let c be v(-23). Let b = c + x. List the prime factors of b.
2, 3
Let u be 903/(-18) - 2/(-12). Let a = 106 + u. What are the prime factors of a?
2, 7
Suppose 1661 + 453 = 7*b. What are the prime factors of b?
2, 151
Let z(h) = 544*h**3 - 14*h**2 + 6*h + 6. Let j(d) = 181*d**3 - 5*d**2 + 2*d + 2. Let o(a) = 11*j(a) - 4*z(a). List the prime factors of o(-1).
2, 3, 31
Let q(c) = -c**2 - 4*c + 5. Let t be q(-5). Let w be (-4)/6*(t + -3). Suppose 6 = k + 5*a, 0 = -2*k - w*k - 5*a + 24. What are the prime factors of k?
2, 3
Let m(x) be the third derivative of x**5/60 + 13*x**4/24 + x**3/3 + 5*x**2. Let w be m(-13). What are the prime factors of 0/3 - -13 - w?
11
Let n be 186/8 - (126/24 - 6). Suppose 21*s + 372 = n*s. List the prime factors of s.
2, 31
Let b(l) = 65*l - 14. Let n be b(6). Let h = n - 104. Suppose -4*g = -8*g + h. What are the prime factors of g?
2, 17
Let n be -9*((-3)/(9/4) - -2). Suppose -3*m - 184 = -4*d, 4*d + 8*m - 3*m - 184 = 0. Let c = d + n. What are the prime factors of c?
2, 5
Let p(t) = 3*t - t - 1 + 3*t**2 - t - 2*t**2. Let c be p(3). List the prime factors of 2/(-6)*(-160 - c).
3, 19
Suppose 2*b - 2*f = 7*b - 5945, 0 = 4*f. What are the prime factors of b?
29, 41
Suppose 5*v - 4*d - d - 25 = 0, 3*v + 2*d - 10 = 0. Suppose v*i - 5*i + 84 = 0. List the prime factors of i.
2, 3, 7
Let n = 2826 - 4238. Let b = n - -262. What are the prime factors of 2/3 + b/(-30)?
3, 13
Suppose -4*j = b - 29, 2*b + 5 = -2*j + 3*j. Suppose -j*v = -0*v - 385. Let u = -29 + v. What are the prime factors of u?
2, 13
Let p be (-21)/(-9) + 1/(-3). Suppose -4*i + 10 = -p. Suppose -i*b + 135 - 54 = 0. What are the prime factors of b?
3
Let c be 6*((-7)/6 - -2). Suppose -19 - c = -r + 2*s, -3*s = r - 9. List the prime factors of r.
2, 3
Suppose -4*s - 4*t = 264 - 932, -3*s = 5*t - 501. What are the prime factors of s?
167
Suppose 92*p = 138*p - 95956. List the prime factors of p.
2, 7, 149
Suppose 5*f + 2*s - 400 = 0, 7*f = 4*f - 4*s + 240. Let l = f - 46. What are the prime factors of l?
2, 17
Suppose -6*b + 34 = -2. List the prime factors of (-42)/b*8/(-14).
2
Let d(x) = -517*x - 91. List the prime factors of d(-3).
2, 5, 73
Suppose 2*i - 4*x = -6*x + 24, 0 = -3*i - x + 32. Let b be (-2 + 2)*-1 - (-1 - 1). Suppose v + v = -b*y + i, -